7 a prime number?
False
Is 4156409 a composite number?
False
Is 10656455 a composite number?
True
Is 50588189 a prime number?
True
Is 6860551 a prime number?
True
Is 1106501 a composite number?
True
Is 41241719 prime?
True
Is 20656421 prime?
False
Is 15198605 prime?
False
Is 543246707 a prime number?
False
Is 4192295 a prime number?
False
Is 2497129 a prime number?
True
Is 20739715 composite?
True
Is 27862207 a prime number?
False
Is 125816353 prime?
False
Is 5679371 a composite number?
False
Is 38735309 prime?
True
Is 6379561 a composite number?
True
Is 27602567 composite?
False
Is 2552059 prime?
True
Is 7921491 a prime number?
False
Is 119966543 composite?
True
Is 35156411 composite?
False
Is 3225811 a composite number?
True
Is 112029679 prime?
True
Is 43723003 composite?
False
Is 21288089 a prime number?
False
Is 18337 a composite number?
True
Is 16414483 a prime number?
True
Is 1907891 composite?
True
Is 296486503 a composite number?
False
Is 7802107 a prime number?
True
Is 11836345 a prime number?
False
Is 6765357 a composite number?
True
Is 2131513 prime?
True
Is 1009062247 prime?
True
Is 190942197 composite?
True
Is 277483 a prime number?
True
Is 2623339 composite?
False
Is 3587263 a prime number?
True
Is 134816279 prime?
False
Is 378338 composite?
True
Is 11399371 a prime number?
True
Is 5224217 composite?
False
Is 321889 a prime number?
True
Is 7430613 a composite number?
True
Is 39956369 a composite number?
True
Is 71955599 prime?
True
Is 69861679 composite?
False
Is 680943145 a composite number?
True
Is 487019 composite?
True
Is 4376551 a prime number?
True
Is 435759061 prime?
True
Is 550950622 prime?
False
Is 13919483 a composite number?
True
Is 2611241 a composite number?
True
Is 8892055 a prime number?
False
Is 2312477 composite?
False
Is 168583963 a prime number?
False
Is 8284397 a prime number?
False
Is 24446473 prime?
False
Is 19186322 a prime number?
False
Is 2054363 composite?
True
Is 1927097 a composite number?
False
Is 27208523 composite?
True
Is 9288023 a composite number?
False
Is 38806397 prime?
False
Is 12371467 prime?
False
Is 5803913 prime?
False
Is 341333 a prime number?
True
Is 5702621 composite?
True
Is 1110205 a composite number?
True
Is 7945043 a prime number?
False
Is 64130717 composite?
True
Is 540468233 prime?
False
Is 9152831 a prime number?
True
Is 42728201 a composite number?
False
Is 254984759 composite?
True
Is 180206387 a prime number?
True
Is 3575251 a prime number?
True
Is 4735259 a prime number?
False
Is 849967 prime?
True
Is 2975639 composite?
False
Is 800953 composite?
False
Is 7640197 prime?
False
Is 4165471 a composite number?
True
Is 78141835 a composite number?
True
Is 14498581 a prime number?
True
Is 45957658 a composite number?
True
Is 84949643 prime?
True
Is 19198534 a prime number?
False
Is 813873853 a composite number?
True
Is 4824835 a prime number?
False
Is 98152471 a composite number?
False
Is 37270279 prime?
True
Is 2945707 prime?
True
Is 133814059 a composite number?
False
Is 45352127 a prime number?
True
Is 18570479 composite?
False
Is 2410355 prime?
False
Is 7254554 a composite number?
True
Is 5337649 a prime number?
False
Is 46388897 a prime number?
True
Is 26569151 a prime number?
False
Is 61283 a prime number?
True
Is 171781523 a prime number?
True
Is 5574323 prime?
False
Is 317149 a composite number?
True
Is 1042018 a composite number?
True
Is 39986753 a prime number?
True
Is 860239 a prime number?
True
Is 6455 prime?
False
Is 8926597 a prime number?
True
Is 24715781 a composite number?
False
Is 29949449 composite?
False
Is 21063481 a prime number?
True
Is 16474721 composite?
False
Is 7987009 composite?
False
Is 80941249 prime?
False
Is 441359879 prime?
True
Is 15918247 prime?
False
Is 286477 prime?
True
Is 6286121 composite?
True
Is 112794397 prime?
False
Is 69771089 prime?
True
Is 227699723 a composite number?
False
Is 606457571 composite?
True
Is 75975259 composite?
False
Is 2773339 a prime number?
True
Is 46701793 prime?
False
Is 510467011 composite?
True
Is 53431193 a prime number?
True
Is 9140965 a composite number?
True
Is 665808967 composite?
False
Is 176244737 a composite number?
False
Is 1130197 a composite number?
True
Is 5590787 prime?
True
Is 57981057 prime?
False
Is 15913285 a composite number?
True
Is 117631739 a composite number?
False
Is 2738765 composite?
True
Is 52973611 a composite number?
True
Is 35508691 composite?
False
Is 155506255 a prime number?
False
Is 62346434 prime?
False
Is 1181946217 a composite number?
False
Is 918319 prime?
True
Is 332431831 prime?
True
Is 2128457 a composite number?
True
Is 1500459 a prime number?
False
Is 242759633 prime?
True
Is 3427393 a prime number?
True
Is 3160301 composite?
True
Is 35355651 prime?
False
Is 27343297 prime?
False
Is 40904569 prime?
True
Is 1733449 a prime number?
True
Is 7170721 prime?
True
Is 24345691 a composite number?
False
Is 14284351 prime?
True
Is 146586179 prime?
False
Is 81413963 composite?
False
Is 522833 composite?
True
Is 24321893 composite?
False
Is 1285363 a composite number?
True
Is 63096557 prime?
True
Is 38827423 a composite number?
False
Is 25131679 a composite number?
True
Is 17219747 composite?
False
Is 487861 a prime number?
False
Is 68321831 prime?
False
Is 111684107 composite?
True
Is 1144471 prime?
False
Is 35520263 a prime number?
True
Is 1144134307 prime?
True
Is 752019 prime?
False
Is 5669129 composite?
False
Is 51202279 composite?
True
Is 571910273 prime?
False
Is 3052297 a composite number?
False
Is 2021837 prime?
True
Is 8865293 prime?
True
Is 12193483 a composite number?
False
Is 33285601 a prime number?
True
Is 280859 a prime number?
True
Is 627596197 prime?
True
Is 6051221 a prime number?
False
Is 675643 prime?
True
Is 992373973 prime?
True
Is 29249657 a prime number?
False
Is 2213963 a prime number?
True
Is 173615683 a prime number?
True
Is 843683 composite?
True
Is 3371059 a composite number?
False
Is 5579479 prime?
False
Is 64464299 composite?
True
Is 39220063 a composite number?
True
Is 10474645 a composite number?
True
Is 193279631 composite?
False
Is 8924413 a composite number?
True
Is 290243 a composite number?
False
Is 70467377 a prime number?
False
Is 31929301 a prime number?
True
Is 16805374 a composite number?
True
Is 556883 composite?
False
Is 3427643 composite?
True
Is 512489 composite?
True
Is 3997297 a composite number?
False
Is 139506999 a prime number?
False
Is 9251059 a composite number?
False
Is 77166899 a composite number?
False
Is 91565113 a prime number?
False
Is 5105909 prime?
False
Is 21293627 composite?
True
Is 263577463 a prime number?
True
Is 2229599 composite?
False
Is 18193297 prime?
True
Is 93098162 a prime number?
False
Is 130375823 a composite number?
False
Is 353906237 a prime number?
True
Is 1101872861 a composite number?
False
Is 219653 a prime number?
False
Is 214775707 prime?
True
Is 69763789 prime?
True
Is 20205467 composite?
False
Is 141907 a composite number?
False
Is 5875631 a composite number?
False
Is 1338923 a prime number?
True
Is 223997833 a prime number?
True
Is 375106009 prime?
True
Is 181811381 composite?
False
Is 11305131 a prime number?
False
Is 655859 composite?
False
Is 91710713 composite?
False
Is 1387100269 prime?
True
Is 103882907 a prime number?
True
Is 8764391 a prime number?
False
Is 258678457 prime?
True
Is 1628239 composite?
True
Is 528571921 prime?
True
Is 3715885 composite?
True
Is 115636231 prime?
False
Is 50037331 a prime number?
True
Is 5688247 a composite number?
False
Is 52853719 a composite number?
False
Is 249719737 composite?
False
Is 155648453 a composite number?
False
Is 143815271 prime?
False
Is 24746461 composite?
False
Is 5953595 prime?
False
Is 3068183 composite?
True
Is 30661057 a prime number?
False
Is 13722374 prime?
False
Is 93380189 a composite number?
True
Is 8210437 composite?
False
Is 19885517 composite?
True
Is 580310579 a composite number?
False
Is 584193581 a prime number?
True
Is 127876349 a composite number?
False
Is 6154103 a prime number?
True
Is 17363 prime?
False
Is 37260109 prime?
False
Is 2702603 a prime number?
True
Is 1292671 a prime number?
False
Is 33243139 a prime number?
False
Is 1104557 a composite number?
False
Is 2506909 a composite number?
False
Is 26670271 a prime